What is the greatest common factor of 91908 and 282?
6
Calculate the highest common factor of 518 and 263956002.
74
Calculate the greatest common factor of 34080 and 134280.
120
Calculate the greatest common divisor of 99 and 2666835.
9
Calculate the greatest common factor of 239726212 and 572.
44
What is the highest common divisor of 27621306 and 18?
18
Calculate the highest common factor of 9 and 451336419.
9
Calculate the highest common factor of 4142628 and 812.
28
Calculate the greatest common factor of 20257987 and 5593.
47
What is the greatest common divisor of 195571 and 101911?
223
What is the highest common factor of 78498 and 87318?
882
What is the greatest common factor of 1385 and 37202762?
277
What is the greatest common factor of 132 and 1243056?
12
What is the greatest common factor of 1392 and 122132688?
1392
What is the highest common factor of 19304792 and 3328?
104
Calculate the highest common divisor of 8528736 and 272144.
1168
Calculate the greatest common factor of 10099858 and 328.
82
Calculate the greatest common factor of 1685134 and 517.
11
Calculate the highest common divisor of 2993753 and 71904.
749
Calculate the highest common factor of 619407 and 9234.
243
What is the greatest common factor of 6 and 278526324?
6
What is the highest common divisor of 102351 and 33804939?
939
What is the highest common divisor of 42216190 and 50?
10
What is the highest common factor of 141 and 1921431?
3
Calculate the highest common divisor of 20566 and 5577.
13
Calculate the highest common factor of 3250 and 4993426750.
3250
Calculate the highest common factor of 265425 and 61759089.
10617
What is the greatest common divisor of 116 and 7681433?
29
What is the highest common divisor of 2420 and 1604372?
44
What is the highest common factor of 5797316 and 13790?
2758
What is the highest common divisor of 24319 and 157119?
83
What is the highest common factor of 5406 and 29816844?
102
What is the highest common factor of 586794943 and 1239?
413
What is the greatest common factor of 96583 and 3141403?
1637
Calculate the highest common factor of 46797 and 43513.
821
Calculate the highest common factor of 4194614 and 54570.
3638
What is the highest common factor of 271872 and 4547484?
2124
What is the highest common divisor of 276438192 and 8?
8
What is the greatest common divisor of 2346564 and 16356?
348
What is the greatest common divisor of 120 and 232362?
6
Calculate the greatest common factor of 21359 and 285193.
53
What is the highest common divisor of 31244 and 7519?
73
What is the greatest common factor of 117912 and 64824?
24
Calculate the greatest common factor of 194666 and 2181448.
1486
Calculate the highest common factor of 3159 and 3526263.
117
Calculate the highest common divisor of 50817 and 3081.
39
Calculate the greatest common factor of 19550112 and 30.
6
Calculate the greatest common divisor of 2688 and 9668232.
168
Calculate the greatest common divisor of 30 and 1593402.
6
What is the greatest common divisor of 1220365 and 2665?
205
What is the greatest common divisor of 401330 and 296810?
670
Calculate the greatest common divisor of 295715 and 18935.
35
Calculate the highest common divisor of 26912 and 5288.
8
Calculate the greatest common divisor of 57302619 and 1079.
83
Calculate the highest common divisor of 492804 and 91962.
702
What is the greatest common divisor of 2233 and 5136538?
319
What is the greatest common factor of 342 and 272795274?
342
What is the highest common divisor of 7080437 and 6032?
377
What is the highest common divisor of 464 and 23945822?
58
Calculate the highest common factor of 222794 and 15466.
418
Calculate the greatest common factor of 72 and 365551092.
36
What is the greatest common factor of 594950 and 240?
10
What is the highest common factor of 7205 and 88294?
131
Calculate the highest common factor of 31023 and 151285.
383
What is the highest common divisor of 7728704 and 4334?
394
What is the highest common factor of 38 and 104003359?
19
Calculate the highest common factor of 1191 and 606219.
1191
Calculate the greatest common divisor of 454238 and 38300.
766
Calculate the greatest common factor of 2567 and 1722865.
17
Calculate the greatest common divisor of 14 and 5037770.
2
What is the highest common divisor of 3242150 and 9150?
3050
What is the greatest common divisor of 105280 and 57792?
448
What is the greatest common factor of 758375 and 17000?
125
What is the highest common factor of 1107 and 6547782?
123
Calculate the highest common divisor of 2107236 and 34850.
82
What is the highest common divisor of 836360181 and 54?
27
What is the highest common factor of 1827349 and 5609?
79
What is the highest common divisor of 400 and 68506160?
80
Calculate the greatest common divisor of 31311 and 206829.
441
What is the greatest common divisor of 1330 and 794917060?
1330
Calculate the greatest common factor of 9609284 and 1020.
68
Calculate the greatest common factor of 132500013 and 1167.
1167
Calculate the greatest common factor of 18004032 and 1836.
108
Calculate the highest common divisor of 87 and 393924255.
87
What is the highest common divisor of 11376 and 1119351?
237
Calculate the highest common divisor of 647325630 and 285.
285
What is the highest common factor of 20211 and 2187?
3
Calculate the greatest common factor of 378468126 and 5427.
5427
What is the greatest common divisor of 12592 and 47248?
16
What is the highest common divisor of 1436336 and 418?
22
What is the greatest common factor of 2483 and 152672?
13
What is the highest common divisor of 3147 and 6245746?
1049
Calculate the greatest common factor of 802588 and 10188.
1132
Calculate the greatest common factor of 104 and 4771897.
13
What is the highest common divisor of 123296484 and 36?
12
Calculate the greatest common divisor of 12797 and 55772.
191
What is the highest common divisor of 24 and 2705199?
3
What is the highest common factor of 57764 and 54124?
28
Calculate the greatest common divisor of 2996 and 285520298.
1498
What is the greatest common divisor of 177737 and 791?
7
Calculate the highest common factor of 44225436 and 24.
12
Calculate the greatest common divisor of 556 and 46660493.
139
What is the greatest common factor of 1675194 and 602774?
3698
Calculate the highest common factor of 3528 and 282744.
504
Calculate the greatest common factor of 56210 and 352660.
770
Calculate the greatest common divisor of 2055075 and 41250.
825
Calculate the highest common divisor of 356559951 and 5505.
1101
What is the greatest common divisor of 14304164 and 536039?
7343
Calculate the greatest common divisor of 66568992 and 39353.
1357
What is the highest common divisor of 37 and 1557244863?
37
Calculate the highest common factor of 27452595 and 91065.
7005
What is the highest common divisor of 18992708 and 98?
14
What is the highest common factor of 190593 and 31850?
13
What is the highest common factor of 2419320 and 1640?
40
Calculate the highest common factor of 63 and 2632797.
9
Calculate the greatest common divisor of 332 and 4651154.
166
What is the highest common divisor of 74279534 and 104899?
5521
Calculate the greatest common factor of 986 and 661674034.
986
What is the highest common factor of 95 and 2122376?
19
Calculate the greatest common divisor of 52746 and 41542962.
354
What is the greatest common divisor of 118001 and 117247?
377
What is the highest common divisor of 9656 and 42147233?
1207
Calculate the greatest common divisor of 874 and 1470220.
38
Calculate the highest common divisor of 2821 and 896441.
91
What is the highest common divisor of 39046 and 6104?
14
What is the highest common divisor of 9445942 and 44?
22
Calculate the greatest common divisor of 4608 and 21176576.
256
What is the highest common factor of 158061 and 175997?
1121
Calculate the greatest common factor of 224108 and 142484.
716
What is the greatest common divisor of 68677676 and 149?
149
What is the highest common divisor of 888093 and 3636?
909
What is the greatest common factor of 99441 and 47763?
783
What is the highest common factor of 407609 and 5831?
17
What is the greatest common divisor of 1027 and 3936491?
1027
Calculate the highest common divisor of 7155 and 2285955.
135
What is the hig